{"id":744,"date":"2018-03-10T08:37:58","date_gmt":"2018-03-10T07:37:58","guid":{"rendered":"http:\/\/gpc-bautzen.de\/?page_id=744"},"modified":"2019-06-13T15:47:52","modified_gmt":"2019-06-13T13:47:52","slug":"aktuelle-angebote","status":"publish","type":"page","link":"http:\/\/gpc-bautzen.de\/?page_id=744","title":{"rendered":"Aktuelle Angebote"},"content":{"rendered":"<p>[vc_row][vc_column][vc_column_text]<\/p>\n<h1><strong>Parkpl\u00e4tze zu vermieten.<\/strong><\/h1>\n<p>Beschreibung:<\/p>\n<p>Auf unserem Grundst\u00fcck bieten wir kostenpflichtige Parkpl\u00e4tze f\u00fcr 20,00 Euro monatlich an.<br \/>\nBei Interesse melden Sie sich bitte unter Tel.: 03591 &#8211; 318 99 09<\/p>\n<p>[\/vc_column_text][\/vc_column][\/vc_row][vc_row][vc_column width=&#8221;1\/2&#8243;][vc_single_image image=&#8221;732&#8243; img_size=&#8221;large&#8221; onclick=&#8221;link_image&#8221;][\/vc_column][vc_column width=&#8221;1\/2&#8243;][\/vc_column][\/vc_row]<\/p>\n","protected":false},"excerpt":{"rendered":"<p>[vc_row][vc_column][vc_column_text] Parkpl\u00e4tze zu vermieten. Beschreibung: Auf unserem Grundst\u00fcck bieten wir kostenpflichtige Parkpl\u00e4tze f\u00fcr 20,00 Euro monatlich an. Bei Interesse melden Sie sich bitte unter Tel.: 03591 &#8211; 318 99 09 [\/vc_column_text][\/vc_column][\/vc_row][vc_row][vc_column width=&#8221;1\/2&#8243;][vc_single_image image=&#8221;732&#8243; img_size=&#8221;large&#8221; onclick=&#8221;link_image&#8221;][\/vc_column][vc_column width=&#8221;1\/2&#8243;][\/vc_column][\/vc_row]<\/p>\n","protected":false},"author":1,"featured_media":0,"parent":0,"menu_order":0,"comment_status":"closed","ping_status":"closed","template":"","meta":{"footnotes":""},"aioseo_notices":[],"_links":{"self":[{"href":"http:\/\/gpc-bautzen.de\/index.php?rest_route=\/wp\/v2\/pages\/744"}],"collection":[{"href":"http:\/\/gpc-bautzen.de\/index.php?rest_route=\/wp\/v2\/pages"}],"about":[{"href":"http:\/\/gpc-bautzen.de\/index.php?rest_route=\/wp\/v2\/types\/page"}],"author":[{"embeddable":true,"href":"http:\/\/gpc-bautzen.de\/index.php?rest_route=\/wp\/v2\/users\/1"}],"replies":[{"embeddable":true,"href":"http:\/\/gpc-bautzen.de\/index.php?rest_route=%2Fwp%2Fv2%2Fcomments&post=744"}],"version-history":[{"count":9,"href":"http:\/\/gpc-bautzen.de\/index.php?rest_route=\/wp\/v2\/pages\/744\/revisions"}],"predecessor-version":[{"id":949,"href":"http:\/\/gpc-bautzen.de\/index.php?rest_route=\/wp\/v2\/pages\/744\/revisions\/949"}],"wp:attachment":[{"href":"http:\/\/gpc-bautzen.de\/index.php?rest_route=%2Fwp%2Fv2%2Fmedia&parent=744"}],"curies":[{"name":"wp","href":"https:\/\/api.w.org\/{rel}","templated":true}]}}

<p>[vc_row][vc_column][vc_column_text]</p>
<h1><strong>Parkplätze zu vermieten.</strong></h1>
<p>Beschreibung:</p>
<p>Auf unserem Grundstück bieten wir kostenpflichtige Parkplätze für 20,00 Euro monatlich an.<br />
Bei Interesse melden Sie sich bitte unter Tel.: 03591 &#8211; 318 99 09</p>
<p>[/vc_column_text][/vc_column][/vc_row][vc_row][vc_column width=&#8221;1/2&#8243;][vc_single_image image=&#8221;732&#8243; img_size=&#8221;large&#8221; onclick=&#8221;link_image&#8221;][/vc_column][vc_column width=&#8221;1/2&#8243;][/vc_column][/vc_row]</p>

<p>[vc_row][vc_column][vc_column_text] Parkplätze zu vermieten. Beschreibung: Auf unserem Grundstück bieten wir kostenpflichtige Parkplätze für 20,00 Euro monatlich an. Bei Interesse melden Sie sich bitte unter Tel.: 03591 &#8211; 318 99 09 [/vc_column_text][/vc_column][/vc_row][vc_row][vc_column width=&#8221;1/2&#8243;][vc_single_image image=&#8221;732&#8243; img_size=&#8221;large&#8221; onclick=&#8221;link_image&#8221;][/vc_column][vc_column width=&#8221;1/2&#8243;][/vc_column][/vc_row]</p>
